True
Is 59816267 a multiple of 17?
False
Is 35 a factor of 178433325?
True
Is 63604350 a multiple of 1686?
True
Does 23 divide 60445859?
False
Is 53783332 a multiple of 398?
True
Does 179 divide 122114158?
True
Is 58 a factor of 1539113114?
True
Is 234701885 a multiple of 121?
True
Is 371 a factor of 125856709?
False
Does 7991 divide 1456247876?
True
Is 153 a factor of 7218081?
True
Is 380 a factor of 357323216?
False
Does 7 divide 31708122?
False
Is 162 a factor of 20790468?
False
Is 1139 a factor of 623970828?
False
Is 315 a factor of 245761425?
True
Does 2417 divide 358692468?
True
Does 678 divide 7718139?
False
Is 16701948 a multiple of 36?
True
Does 242 divide 63345436?
True
Is 217803432 a multiple of 196?
True
Does 59 divide 116411484?
True
Is 614106018 a multiple of 2535?
False
Is 59 a factor of 85953914?
True
Does 405 divide 187762455?
True
Does 22 divide 1789072714?
True
Is 269426697 a multiple of 175?
False
Does 11 divide 162025348?
False
Is 480 a factor of 1242715200?
True
Is 51 a factor of 72123333?
True
Is 17 a factor of 87211989?
True
Does 167 divide 73467296?
False
Is 2296102614 a multiple of 169?
True
Does 18 divide 224096598?
True
Is 5085924583 a multiple of 187?
False
Is 2845 a factor of 990690850?
False
Is 4995820115 a multiple of 319?
False
Does 51 divide 14342301?
False
Is 92981157 a multiple of 38?
False
Is 1251 a factor of 1126340352?
True
Is 287 a factor of 24366546?
False
Does 9 divide 1028403?
True
Is 112 a factor of 5940559296?
True
Does 423 divide 1340294187?
False
Does 272 divide 1400902272?
True
Is 90244097 a multiple of 439?
False
Does 656 divide 2112381008?
True
Does 697 divide 580528993?
False
Does 293 divide 29272376?
False
Is 136 a factor of 454692144?
False
Does 7 divide 1099897505?
True
Is 12 a factor of 40989948?
True
Is 19 a factor of 6680651?
False
Is 10 a factor of 27445446?
False
Does 10 divide 254869180?
True
Does 114 divide 1853658012?
True
Is 234 a factor of 70164432?
True
Is 18 a factor of 19619247?
False
Is 31 a factor of 762908699?
False
Is 40872378 a multiple of 453?
True
Does 21 divide 5227174?
False
Is 80 a factor of 1476640?
True
Is 1475544028 a multiple of 76?
True
Does 378 divide 2304687546?
True
Is 54 a factor of 9370887?
False
Is 974482780 a multiple of 5?
True
Is 230 a factor of 51678240?
True
Is 43375362 a multiple of 935?
False
Does 10 divide 3159570?
True
Is 53544750 a multiple of 1519?
True
Is 11 a factor of 1531475970?
False
Is 1837 a factor of 66666567?
True
Does 16 divide 56056670?
False
Is 149921263 a multiple of 5?
False
Is 54 a factor of 2878683084?
True
Is 8140800 a multiple of 75?
True
Does 34 divide 5827980120?
True
Is 60717255 a multiple of 126?
False
Does 44 divide 177832292?
True
Does 829 divide 160947144?
False
Is 14 a factor of 650755644?
True
Is 47 a factor of 24195788?
True
Is 118796395 a multiple of 1649?
False
Is 27702701 a multiple of 9?
False
Is 16159561 a multiple of 211?
False
Does 66 divide 109694904?
True
Is 426 a factor of 17242776?
True
Is 158456349 a multiple of 88?
False
Is 23 a factor of 2894130388?
True
Is 149065650 a multiple of 90?
True
Is 3 a factor of 1224920?
False
Is 30133647 even?
False
Is 1176 a factor of 233613576?
True
Does 513 divide 4416004?
False
Does 279 divide 447396309?
True
Is 21289254 a multiple of 14?
True
Does 25 divide 13284600?
True
Is 67655828 a multiple of 506?
False
Is 454313466 a multiple of 2694?
True
Does 278 divide 30616418?
True
Is 1696796348 a multiple of 8762?
True
Is 180 a factor of 15624467?
False
Does 598 divide 62004826?
True
Is 200248049 a multiple of 6?
False
Does 25 divide 50345876?
False
Does 22 divide 14159667?
False
Is 17026752 a multiple of 32?
True
Is 5355514 a multiple of 6?
False
Is 14735724 a multiple of 12?
True
Is 23 a factor of 6955901?
False
Does 409 divide 134112327?
True
Does 686 divide 523423826?
False
Is 1438346425 a multiple of 31?
False
Is 14172043 a multiple of 19?
True
Is 235 a factor of 768200721?
False
Does 151 divide 281931389?
False
Is 7 a factor of 89349686?
False
Is 476 a factor of 74093684?
True
Does 1413 divide 422851554?
True
Is 49 a factor of 47686751?
True
Is 162 a factor of 86907006?
True
Is 178 a factor of 833988?
False
Does 658 divide 37815260?
True
Is 534266273 a multiple of 682?
False
Does 1905 divide 5446395?
True
Is 18 a factor of 1949770877?
False
Does 103 divide 16083748?
False
Is 131775435 a multiple of 1763?
True
Does 73 divide 389311523?
False
Is 416 a factor of 31443261?
False
Is 1031888 a multiple of 902?
True
Does 12 divide 3228510084?
True
Is 18979623 a multiple of 27?
True
Is 276405088 a multiple of 4168?
True
Is 216 a factor of 50084925?
False
Is 41179282 a multiple of 913?
False
Does 5336 divide 523883144?
True
Does 16 divide 12351314?
False
Is 69816317 a multiple of 361?
True
Is 4814 a factor of 24941334?
True
Is 325460647 a multiple of 24?
False
Does 24 divide 11388024?
True
Is 27 a factor of 235700001?
False
Is 75 a factor of 230046075?
True
Is 1102 a factor of 964154126?
True
Is 22413514 a multiple of 34?
True
Is 4794 a factor of 2455906006?
False
Does 5907 divide 31183053?
True
Is 305 a factor of 51072860?
True
Does 507 divide 89124262?
False
Is 15 a factor of 1547353260?
True
Is 578804686 a multiple of 1692?
False
Does 4 divide 8707800?
True
Is 102 a factor of 54649108?
False
Does 92 divide 16015326?
False
Does 10 divide 17012040?
True
Is 310823204 a multiple of 2?
True
Is 372 a factor of 492586032?
True
Does 235 divide 26112633?
False
Is 4 a factor of 777825392?
True
Is 83821960 a multiple of 10?
True
Is 746865 a multiple of 21?
True
Is 392385959 a multiple of 1867?
False
Is 196788032 a multiple of 64?
True
Is 23 a factor of 366134033?
True
Is 100799160 a multiple of 422?
False
Is 3 a factor of 132798205?
False
Is 11 a factor of 84130334?
False
Does 1501 divide 1288278280?
True
Does 12 divide 138195228?
True
Is 1286 a factor of 295809578?
True
Is 5915111 a multiple of 355?
False
Is 81087190 a multiple of 30?
False
Does 66 divide 3020886?
True
Does 36 divide 757988172?
True
Does 12419 divide 286282788?
True
Is 78 a factor of 233489415?
False
Does 51 divide 10442588?
False
Is 125444776 a multiple of 30?
False
Is 43 a factor of 253151364?
False
Is 128760931 a multiple of 1502?
False
Is 132695199 a multiple of 117?
True
Is 125299805 a multiple of 166?
False
Is 363 a factor of 2541127?
False
Does 29 divide 614254282?
False
Does 741 divide 60205434?
False
Does 67 divide 4096715268?
True
Does 2728 divide 189126784?
True
Is 2013666087 a multiple of 6191?
True
Is 366764946 a multiple of 2618?
False
Is 73 a factor of 39054772?
False
Is 22053857 a multiple of 624?
False
Does 14 divide 2215634?
False
Is 3 a factor of 1912826?
False
Is 108330022 a multiple of 122?
True
Is 4684 a factor of 594076404?
True
Does 58 divide 362476046?
True
Is 33 a factor of 12713052?
True
Is 8799716 a multiple of 2?
True
Does 222 divide 6181368?
True
Is 31779520 a multiple of 20?
True
Is 108719178 a multiple of 47?
True
Does 252 divide 3318765660?
True
Is 1652642 a multiple of 23?
True
Does 81 divide 717361992?
False
Is 3081653232 a multiple of 2616?
True
Is 1922753270 a multiple of 134?
True
Is 58 a factor of 732115334?
False
Does 7587 divide 623825901?
True
Is 1919 a factor of 610689127?
True
Does 3 divide 392751569?
False
Does 85 divide 105494435?
True
Is 211 a factor of 4971747?
False
Is 1550 a factor of 65360252?
False
Is 5180146460 a multiple of 22?
False
Is 42498416 a multiple of 197?
True
Is 45 a factor of 26671770?
True
Is 128811344 a multiple of 71?
False
Does 56 divide 4938633208?
False
Is 19138030 a multiple of 5?
True
Is 87 a factor of 1080085773?
True
Is 1169 a factor of 92954026?
False
Is 1656079950 a multiple of 7325?
True
Is 1087 a factor of 591356262?
True
Does 43 divide 3918645083?
True
Does 89 divide 930396454?
False
Is 10 a factor of 31422648?
False
Is 4533014 a multiple of 125?
False
Is 10 a factor of 12435368?
False
Is 922 a factor of 9313408?
False
Is 34 a factor of 291673216?
True
Does 1719 divide 86253183?
False
Does 26 divide 36964648?
False
Is 1652 a factor of 146689340?
True
Is 436 a factor of 61115428?
True
Is 109 a factor of 26984188?
False
Is 18432066 a multiple of 237?
False
Does 59 divide 372012523?
True
Is 38234138 a multiple of 86?
True
Is 103611310 a mu